{"id":10,"date":"2023-06-02T16:16:17","date_gmt":"2023-06-02T19:16:17","guid":{"rendered":"https:\/\/carameloboutique.com.br\/?page_id=10"},"modified":"2025-09-01T15:26:25","modified_gmt":"2025-09-01T18:26:25","slug":"home","status":"publish","type":"page","link":"https:\/\/carameloboutique.com.br\/","title":{"rendered":"Home"},"content":{"rendered":"\t\t<div data-elementor-type=\"wp-page\" data-elementor-id=\"10\" class=\"elementor elementor-10\">\n\t\t\t\t<div class=\"elementor-element elementor-element-53ca313 e-flex e-con-boxed e-con e-parent\" data-id=\"53ca313\" data-element_type=\"container\">\n\t\t\t\t\t<div class=\"e-con-inner\">\n\t\t\t\t<div class=\"elementor-element elementor-element-a0456dd elementor-widget elementor-widget-image\" data-id=\"a0456dd\" data-element_type=\"widget\" data-widget_type=\"image.default\">\n\t\t\t\t<div class=\"elementor-widget-container\">\n\t\t\t\t\t\t\t\t\t\t\t\t\t\t\t<img fetchpriority=\"high\" decoding=\"async\" width=\"1920\" height=\"2560\" src=\"https:\/\/carameloboutique.com.br\/wp-content\/uploads\/2025\/09\/caramelo-4-scaled.jpg\" class=\"attachment-full size-full wp-image-740\" alt=\"\" srcset=\"https:\/\/carameloboutique.com.br\/wp-content\/uploads\/2025\/09\/caramelo-4-scaled.jpg 1920w, https:\/\/carameloboutique.com.br\/wp-content\/uploads\/2025\/09\/caramelo-4-225x300.jpg 225w, https:\/\/carameloboutique.com.br\/wp-content\/uploads\/2025\/09\/caramelo-4-768x1024.jpg 768w, https:\/\/carameloboutique.com.br\/wp-content\/uploads\/2025\/09\/caramelo-4-1152x1536.jpg 1152w, https:\/\/carameloboutique.com.br\/wp-content\/uploads\/2025\/09\/caramelo-4-1536x2048.jpg 1536w, https:\/\/carameloboutique.com.br\/wp-content\/uploads\/2025\/09\/caramelo-4-600x800.jpg 600w\" sizes=\"(max-width: 1920px) 100vw, 1920px\" \/>\t\t\t\t\t\t\t\t\t\t\t\t\t\t\t<\/div>\n\t\t\t\t<\/div>\n\t\t\t\t<div class=\"elementor-element elementor-element-f6bb99e elementor-widget__width-initial elementor-widget-mobile__width-initial elementor-widget elementor-widget-image\" data-id=\"f6bb99e\" data-element_type=\"widget\" data-widget_type=\"image.default\">\n\t\t\t\t<div class=\"elementor-widget-container\">\n\t\t\t\t\t\t\t\t\t\t\t\t\t\t\t<img decoding=\"async\" width=\"1024\" height=\"951\" src=\"https:\/\/carameloboutique.com.br\/wp-content\/uploads\/2025\/09\/caramelo25anos-1024x951.jpg\" class=\"attachment-large size-large wp-image-723\" alt=\"\" srcset=\"https:\/\/carameloboutique.com.br\/wp-content\/uploads\/2025\/09\/caramelo25anos-1024x951.jpg 1024w, https:\/\/carameloboutique.com.br\/wp-content\/uploads\/2025\/09\/caramelo25anos-300x279.jpg 300w, https:\/\/carameloboutique.com.br\/wp-content\/uploads\/2025\/09\/caramelo25anos-768x713.jpg 768w, https:\/\/carameloboutique.com.br\/wp-content\/uploads\/2025\/09\/caramelo25anos-600x557.jpg 600w, https:\/\/carameloboutique.com.br\/wp-content\/uploads\/2025\/09\/caramelo25anos.jpg 1280w\" sizes=\"(max-width: 1024px) 100vw, 1024px\" \/>\t\t\t\t\t\t\t\t\t\t\t\t\t\t\t<\/div>\n\t\t\t\t<\/div>\n\t\t<div class=\"elementor-element elementor-element-18770f4 e-con-full e-flex e-con e-child\" data-id=\"18770f4\" data-element_type=\"container\">\n\t\t\t\t<div class=\"elementor-element elementor-element-e695d9c elementor-widget__width-initial elementor-widget elementor-widget-heading\" data-id=\"e695d9c\" data-element_type=\"widget\" data-widget_type=\"heading.default\">\n\t\t\t\t<div class=\"elementor-widget-container\">\n\t\t\t\t\t<h2 class=\"elementor-heading-title elementor-size-default\"><span style=\"font-family: Poppins, sans-serif;font-size: 15px;font-weight: 400\">A <\/span><span style=\"font-family: Poppins, sans-serif;font-size: 15px\"><b>Caramelo <\/b><\/span><span style=\"font-family: Poppins, sans-serif;font-size: 15px;font-weight: 400\">\u00e9 a boutique da mulher moderna, que tem paix\u00e3o pela moda.<\/span><br style=\"font-family: Poppins, sans-serif;font-size: 15px;font-weight: 400\"><span style=\"font-family: Poppins, sans-serif;font-size: 15px;font-weight: 400\">Fundada em setembro de 2000, a Caramelo se renova constantemente para oferecer aos seus clientes as mais atualizadas tend\u00eancias da moda.<\/span><br style=\"font-family: Poppins, sans-serif;font-size: 15px;font-weight: 400\"><span style=\"font-family: Poppins, sans-serif;font-size: 15px;font-weight: 400\">Inova\u00e7\u00e3o, agilidade e respeito aos clientes s\u00e3o itens indispens\u00e1veis para a Caramelo, que n\u00e3o abre m\u00e3o da qualidade dos seus produtos.....<\/span><\/h2>\t\t\t\t<\/div>\n\t\t\t\t<\/div>\n\t\t\t\t<\/div>\n\t\t\t\t\t<\/div>\n\t\t\t\t<\/div>\n\t\t<div class=\"elementor-element elementor-element-f81aa69 e-grid e-con-boxed e-con e-parent\" data-id=\"f81aa69\" data-element_type=\"container\">\n\t\t\t\t\t<div class=\"e-con-inner\">\n\t\t\t\t<div class=\"elementor-element elementor-element-762b032 elementor-widget elementor-widget-image\" data-id=\"762b032\" data-element_type=\"widget\" data-widget_type=\"image.default\">\n\t\t\t\t<div class=\"elementor-widget-container\">\n\t\t\t\t\t\t\t\t\t\t\t\t\t\t\t<img decoding=\"async\" width=\"768\" height=\"1024\" src=\"https:\/\/carameloboutique.com.br\/wp-content\/uploads\/2025\/09\/caramelo-3-768x1024.jpg\" class=\"attachment-large size-large wp-image-739\" alt=\"\" srcset=\"https:\/\/carameloboutique.com.br\/wp-content\/uploads\/2025\/09\/caramelo-3-768x1024.jpg 768w, https:\/\/carameloboutique.com.br\/wp-content\/uploads\/2025\/09\/caramelo-3-225x300.jpg 225w, https:\/\/carameloboutique.com.br\/wp-content\/uploads\/2025\/09\/caramelo-3-1152x1536.jpg 1152w, https:\/\/carameloboutique.com.br\/wp-content\/uploads\/2025\/09\/caramelo-3-1536x2048.jpg 1536w, https:\/\/carameloboutique.com.br\/wp-content\/uploads\/2025\/09\/caramelo-3-600x800.jpg 600w, https:\/\/carameloboutique.com.br\/wp-content\/uploads\/2025\/09\/caramelo-3-scaled.jpg 1920w\" sizes=\"(max-width: 768px) 100vw, 768px\" \/>\t\t\t\t\t\t\t\t\t\t\t\t\t\t\t<\/div>\n\t\t\t\t<\/div>\n\t\t\t\t<div class=\"elementor-element elementor-element-6b3add8 elementor-widget elementor-widget-image\" data-id=\"6b3add8\" data-element_type=\"widget\" data-widget_type=\"image.default\">\n\t\t\t\t<div class=\"elementor-widget-container\">\n\t\t\t\t\t\t\t\t\t\t\t\t\t\t\t<img loading=\"lazy\" decoding=\"async\" width=\"768\" height=\"1024\" src=\"https:\/\/carameloboutique.com.br\/wp-content\/uploads\/2025\/09\/caramelo-8-768x1024.jpg\" class=\"attachment-large size-large wp-image-743\" alt=\"\" srcset=\"https:\/\/carameloboutique.com.br\/wp-content\/uploads\/2025\/09\/caramelo-8-768x1024.jpg 768w, https:\/\/carameloboutique.com.br\/wp-content\/uploads\/2025\/09\/caramelo-8-225x300.jpg 225w, https:\/\/carameloboutique.com.br\/wp-content\/uploads\/2025\/09\/caramelo-8-1152x1536.jpg 1152w, https:\/\/carameloboutique.com.br\/wp-content\/uploads\/2025\/09\/caramelo-8-1536x2048.jpg 1536w, https:\/\/carameloboutique.com.br\/wp-content\/uploads\/2025\/09\/caramelo-8-600x800.jpg 600w, https:\/\/carameloboutique.com.br\/wp-content\/uploads\/2025\/09\/caramelo-8-scaled.jpg 1920w\" sizes=\"(max-width: 768px) 100vw, 768px\" \/>\t\t\t\t\t\t\t\t\t\t\t\t\t\t\t<\/div>\n\t\t\t\t<\/div>\n\t\t\t\t<div class=\"elementor-element elementor-element-115df48 elementor-widget elementor-widget-image\" data-id=\"115df48\" data-element_type=\"widget\" data-widget_type=\"image.default\">\n\t\t\t\t<div class=\"elementor-widget-container\">\n\t\t\t\t\t\t\t\t\t\t\t\t\t\t\t<img loading=\"lazy\" decoding=\"async\" width=\"768\" height=\"1024\" src=\"https:\/\/carameloboutique.com.br\/wp-content\/uploads\/2025\/09\/caramelo-5-768x1024.jpg\" class=\"attachment-large size-large wp-image-741\" alt=\"\" srcset=\"https:\/\/carameloboutique.com.br\/wp-content\/uploads\/2025\/09\/caramelo-5-768x1024.jpg 768w, https:\/\/carameloboutique.com.br\/wp-content\/uploads\/2025\/09\/caramelo-5-225x300.jpg 225w, https:\/\/carameloboutique.com.br\/wp-content\/uploads\/2025\/09\/caramelo-5-1152x1536.jpg 1152w, https:\/\/carameloboutique.com.br\/wp-content\/uploads\/2025\/09\/caramelo-5-1536x2048.jpg 1536w, https:\/\/carameloboutique.com.br\/wp-content\/uploads\/2025\/09\/caramelo-5-600x800.jpg 600w, https:\/\/carameloboutique.com.br\/wp-content\/uploads\/2025\/09\/caramelo-5-scaled.jpg 1920w\" sizes=\"(max-width: 768px) 100vw, 768px\" \/>\t\t\t\t\t\t\t\t\t\t\t\t\t\t\t<\/div>\n\t\t\t\t<\/div>\n\t\t\t\t<div class=\"elementor-element elementor-element-2f83146 elementor-widget elementor-widget-image\" data-id=\"2f83146\" data-element_type=\"widget\" data-widget_type=\"image.default\">\n\t\t\t\t<div class=\"elementor-widget-container\">\n\t\t\t\t\t\t\t\t\t\t\t\t\t\t\t<img loading=\"lazy\" decoding=\"async\" width=\"768\" height=\"1024\" src=\"https:\/\/carameloboutique.com.br\/wp-content\/uploads\/2025\/09\/caramelo-2-768x1024.jpg\" class=\"attachment-large size-large wp-image-738\" alt=\"\" srcset=\"https:\/\/carameloboutique.com.br\/wp-content\/uploads\/2025\/09\/caramelo-2-768x1024.jpg 768w, https:\/\/carameloboutique.com.br\/wp-content\/uploads\/2025\/09\/caramelo-2-225x300.jpg 225w, https:\/\/carameloboutique.com.br\/wp-content\/uploads\/2025\/09\/caramelo-2-1152x1536.jpg 1152w, https:\/\/carameloboutique.com.br\/wp-content\/uploads\/2025\/09\/caramelo-2-1536x2048.jpg 1536w, https:\/\/carameloboutique.com.br\/wp-content\/uploads\/2025\/09\/caramelo-2-600x800.jpg 600w, https:\/\/carameloboutique.com.br\/wp-content\/uploads\/2025\/09\/caramelo-2-scaled.jpg 1920w\" sizes=\"(max-width: 768px) 100vw, 768px\" \/>\t\t\t\t\t\t\t\t\t\t\t\t\t\t\t<\/div>\n\t\t\t\t<\/div>\n\t\t\t\t<div class=\"elementor-element elementor-element-0b26a7f elementor-widget elementor-widget-image\" data-id=\"0b26a7f\" data-element_type=\"widget\" data-widget_type=\"image.default\">\n\t\t\t\t<div class=\"elementor-widget-container\">\n\t\t\t\t\t\t\t\t\t\t\t\t\t\t\t<img loading=\"lazy\" decoding=\"async\" width=\"768\" height=\"1024\" src=\"https:\/\/carameloboutique.com.br\/wp-content\/uploads\/2025\/09\/caramelo-1-768x1024.jpg\" class=\"attachment-large size-large wp-image-737\" alt=\"\" srcset=\"https:\/\/carameloboutique.com.br\/wp-content\/uploads\/2025\/09\/caramelo-1-768x1024.jpg 768w, https:\/\/carameloboutique.com.br\/wp-content\/uploads\/2025\/09\/caramelo-1-225x300.jpg 225w, https:\/\/carameloboutique.com.br\/wp-content\/uploads\/2025\/09\/caramelo-1-1152x1536.jpg 1152w, https:\/\/carameloboutique.com.br\/wp-content\/uploads\/2025\/09\/caramelo-1-1536x2048.jpg 1536w, https:\/\/carameloboutique.com.br\/wp-content\/uploads\/2025\/09\/caramelo-1-600x800.jpg 600w, https:\/\/carameloboutique.com.br\/wp-content\/uploads\/2025\/09\/caramelo-1-scaled.jpg 1920w\" sizes=\"(max-width: 768px) 100vw, 768px\" \/>\t\t\t\t\t\t\t\t\t\t\t\t\t\t\t<\/div>\n\t\t\t\t<\/div>\n\t\t\t\t<div class=\"elementor-element elementor-element-d626d12 elementor-widget elementor-widget-image\" data-id=\"d626d12\" data-element_type=\"widget\" data-widget_type=\"image.default\">\n\t\t\t\t<div class=\"elementor-widget-container\">\n\t\t\t\t\t\t\t\t\t\t\t\t\t\t\t<img loading=\"lazy\" decoding=\"async\" width=\"768\" height=\"1024\" src=\"https:\/\/carameloboutique.com.br\/wp-content\/uploads\/2025\/09\/caramelo-7-768x1024.jpg\" class=\"attachment-large size-large wp-image-745\" alt=\"\" srcset=\"https:\/\/carameloboutique.com.br\/wp-content\/uploads\/2025\/09\/caramelo-7-768x1024.jpg 768w, https:\/\/carameloboutique.com.br\/wp-content\/uploads\/2025\/09\/caramelo-7-225x300.jpg 225w, https:\/\/carameloboutique.com.br\/wp-content\/uploads\/2025\/09\/caramelo-7-1152x1536.jpg 1152w, https:\/\/carameloboutique.com.br\/wp-content\/uploads\/2025\/09\/caramelo-7-1536x2048.jpg 1536w, https:\/\/carameloboutique.com.br\/wp-content\/uploads\/2025\/09\/caramelo-7-600x800.jpg 600w, https:\/\/carameloboutique.com.br\/wp-content\/uploads\/2025\/09\/caramelo-7-scaled.jpg 1920w\" sizes=\"(max-width: 768px) 100vw, 768px\" \/>\t\t\t\t\t\t\t\t\t\t\t\t\t\t\t<\/div>\n\t\t\t\t<\/div>\n\t\t\t\t\t<\/div>\n\t\t\t\t<\/div>\n\t\t<div class=\"elementor-element elementor-element-45613b0 e-flex e-con-boxed e-con e-parent\" data-id=\"45613b0\" data-element_type=\"container\" id=\"contato\" data-settings=\"{&quot;background_background&quot;:&quot;classic&quot;}\">\n\t\t\t\t\t<div class=\"e-con-inner\">\n\t\t<div class=\"elementor-element elementor-element-4ec8e23 e-con-full e-flex e-con e-child\" data-id=\"4ec8e23\" data-element_type=\"container\">\n\t\t\t\t<div class=\"elementor-element elementor-element-eeccc18 elementor-widget elementor-widget-heading\" data-id=\"eeccc18\" data-element_type=\"widget\" data-widget_type=\"heading.default\">\n\t\t\t\t<div class=\"elementor-widget-container\">\n\t\t\t\t\t<h2 class=\"elementor-heading-title elementor-size-default\">Fale Conosco<\/h2>\t\t\t\t<\/div>\n\t\t\t\t<\/div>\n\t\t\t\t<div class=\"elementor-element elementor-element-51ad1aa elementor-widget elementor-widget-text-editor\" data-id=\"51ad1aa\" data-element_type=\"widget\" data-widget_type=\"text-editor.default\">\n\t\t\t\t<div class=\"elementor-widget-container\">\n\t\t\t\t\t\t\t\t\t<p>Pelo canal de atendimento ao cliente estamos dispon\u00edveis para atend\u00ea-lo(a) da melhor forma<\/p>\t\t\t\t\t\t\t\t<\/div>\n\t\t\t\t<\/div>\n\t\t\t\t<div class=\"elementor-element elementor-element-10f78a3 elementor-icon-list--layout-traditional elementor-list-item-link-full_width elementor-widget elementor-widget-icon-list\" data-id=\"10f78a3\" data-element_type=\"widget\" data-widget_type=\"icon-list.default\">\n\t\t\t\t<div class=\"elementor-widget-container\">\n\t\t\t\t\t\t\t<ul class=\"elementor-icon-list-items\">\n\t\t\t\t\t\t\t<li class=\"elementor-icon-list-item\">\n\t\t\t\t\t\t\t\t\t\t\t<span class=\"elementor-icon-list-icon\">\n\t\t\t\t\t\t\t<i aria-hidden=\"true\" class=\"fab fa-whatsapp\"><\/i>\t\t\t\t\t\t<\/span>\n\t\t\t\t\t\t\t\t\t\t<span class=\"elementor-icon-list-text\">(19) 9 9267 9857<\/span>\n\t\t\t\t\t\t\t\t\t<\/li>\n\t\t\t\t\t\t<\/ul>\n\t\t\t\t\t\t<\/div>\n\t\t\t\t<\/div>\n\t\t\t\t<div class=\"elementor-element elementor-element-90f432f elementor-icon-list--layout-traditional elementor-list-item-link-full_width elementor-widget elementor-widget-icon-list\" data-id=\"90f432f\" data-element_type=\"widget\" data-widget_type=\"icon-list.default\">\n\t\t\t\t<div class=\"elementor-widget-container\">\n\t\t\t\t\t\t\t<ul class=\"elementor-icon-list-items\">\n\t\t\t\t\t\t\t<li class=\"elementor-icon-list-item\">\n\t\t\t\t\t\t\t\t\t\t\t<span class=\"elementor-icon-list-icon\">\n\t\t\t\t\t\t\t<i aria-hidden=\"true\" class=\"fas fa-phone-alt\"><\/i>\t\t\t\t\t\t<\/span>\n\t\t\t\t\t\t\t\t\t\t<span class=\"elementor-icon-list-text\">(19) 3831 1684<\/span>\n\t\t\t\t\t\t\t\t\t<\/li>\n\t\t\t\t\t\t<\/ul>\n\t\t\t\t\t\t<\/div>\n\t\t\t\t<\/div>\n\t\t\t\t<div class=\"elementor-element elementor-element-65bb9f4 elementor-icon-list--layout-traditional elementor-list-item-link-full_width elementor-widget elementor-widget-icon-list\" data-id=\"65bb9f4\" data-element_type=\"widget\" data-widget_type=\"icon-list.default\">\n\t\t\t\t<div class=\"elementor-widget-container\">\n\t\t\t\t\t\t\t<ul class=\"elementor-icon-list-items\">\n\t\t\t\t\t\t\t<li class=\"elementor-icon-list-item\">\n\t\t\t\t\t\t\t\t\t\t\t<span class=\"elementor-icon-list-icon\">\n\t\t\t\t\t\t\t<i aria-hidden=\"true\" class=\"far fa-envelope\"><\/i>\t\t\t\t\t\t<\/span>\n\t\t\t\t\t\t\t\t\t\t<span class=\"elementor-icon-list-text\">contato@carameloboutique.com.br<\/span>\n\t\t\t\t\t\t\t\t\t<\/li>\n\t\t\t\t\t\t<\/ul>\n\t\t\t\t\t\t<\/div>\n\t\t\t\t<\/div>\n\t\t\t\t<div class=\"elementor-element elementor-element-09d8fdc elementor-icon-list--layout-traditional elementor-list-item-link-full_width elementor-widget elementor-widget-icon-list\" data-id=\"09d8fdc\" data-element_type=\"widget\" data-widget_type=\"icon-list.default\">\n\t\t\t\t<div class=\"elementor-widget-container\">\n\t\t\t\t\t\t\t<ul class=\"elementor-icon-list-items\">\n\t\t\t\t\t\t\t<li class=\"elementor-icon-list-item\">\n\t\t\t\t\t\t\t\t\t\t\t<span class=\"elementor-icon-list-icon\">\n\t\t\t\t\t\t\t<i aria-hidden=\"true\" class=\"far fa-envelope\"><\/i>\t\t\t\t\t\t<\/span>\n\t\t\t\t\t\t\t\t\t\t<span class=\"elementor-icon-list-text\">Mogi Gua\u00e7u - SP<\/span>\n\t\t\t\t\t\t\t\t\t<\/li>\n\t\t\t\t\t\t<\/ul>\n\t\t\t\t\t\t<\/div>\n\t\t\t\t<\/div>\n\t\t\t\t<\/div>\n\t\t<div class=\"elementor-element elementor-element-733afef e-con-full e-flex e-con e-child\" data-id=\"733afef\" data-element_type=\"container\">\n\t\t\t\t<div class=\"elementor-element elementor-element-e780b3c elementor-widget elementor-widget-google_maps\" data-id=\"e780b3c\" data-element_type=\"widget\" data-widget_type=\"google_maps.default\">\n\t\t\t\t<div class=\"elementor-widget-container\">\n\t\t\t\t\t\t\t<div class=\"elementor-custom-embed\">\n\t\t\t<iframe loading=\"lazy\"\n\t\t\t\t\tsrc=\"https:\/\/maps.google.com\/maps?q=Mogi%20Gua%C3%A7u%2C%20SP%20R.%20Luiz%20Martini%2C%20161%20-%20Lot.%20Parque%20Real%20Guacu%2C%20Mogi%20Gua%C3%A7u%20-%20SP%2C%2013845-000&#038;t=m&#038;z=10&#038;output=embed&#038;iwloc=near\"\n\t\t\t\t\ttitle=\"Mogi Gua\u00e7u, SP R. Luiz Martini, 161 - Lot. Parque Real Guacu, Mogi Gua\u00e7u - SP, 13845-000\"\n\t\t\t\t\taria-label=\"Mogi Gua\u00e7u, SP R. Luiz Martini, 161 - Lot. Parque Real Guacu, Mogi Gua\u00e7u - SP, 13845-000\"\n\t\t\t><\/iframe>\n\t\t<\/div>\n\t\t\t\t\t\t<\/div>\n\t\t\t\t<\/div>\n\t\t\t\t<\/div>\n\t\t\t\t\t<\/div>\n\t\t\t\t<\/div>\n\t\t\t\t<\/div>\n\t\t","protected":false},"excerpt":{"rendered":"<p>A Caramelo \u00e9 a boutique da mulher moderna, que tem paix\u00e3o pela moda.Fundada em setembro de 2000, a Caramelo se renova constantemente para oferecer aos seus clientes as mais atualizadas tend\u00eancias da moda.Inova\u00e7\u00e3o, agilidade e respeito aos clientes s\u00e3o itens indispens\u00e1veis para a Caramelo, que n\u00e3o abre m\u00e3o da qualidade dos seus produtos&#8230;.. Fale Conosco [&hellip;]<\/p>\n","protected":false},"author":1,"featured_media":0,"parent":0,"menu_order":0,"comment_status":"closed","ping_status":"closed","template":"elementor_header_footer","meta":{"footnotes":""},"class_list":["post-10","page","type-page","status-publish","hentry"],"_links":{"self":[{"href":"https:\/\/carameloboutique.com.br\/index.php\/wp-json\/wp\/v2\/pages\/10","targetHints":{"allow":["GET"]}}],"collection":[{"href":"https:\/\/carameloboutique.com.br\/index.php\/wp-json\/wp\/v2\/pages"}],"about":[{"href":"https:\/\/carameloboutique.com.br\/index.php\/wp-json\/wp\/v2\/types\/page"}],"author":[{"embeddable":true,"href":"https:\/\/carameloboutique.com.br\/index.php\/wp-json\/wp\/v2\/users\/1"}],"replies":[{"embeddable":true,"href":"https:\/\/carameloboutique.com.br\/index.php\/wp-json\/wp\/v2\/comments?post=10"}],"version-history":[{"count":241,"href":"https:\/\/carameloboutique.com.br\/index.php\/wp-json\/wp\/v2\/pages\/10\/revisions"}],"predecessor-version":[{"id":768,"href":"https:\/\/carameloboutique.com.br\/index.php\/wp-json\/wp\/v2\/pages\/10\/revisions\/768"}],"wp:attachment":[{"href":"https:\/\/carameloboutique.com.br\/index.php\/wp-json\/wp\/v2\/media?parent=10"}],"curies":[{"name":"wp","href":"https:\/\/api.w.org\/{rel}","templated":true}]}}